*y**3 - 6*y**2 - 77*y - 76. Calculate i(-1).
47
Let k(g) = -3*g**3 + 10*g**2 - 145*g + 550. Give k(4).
-62
Let o(g) = g**3 + 51*g**2 - 8277*g + 613. Determine o(-120).
253
Let m(r) = 129*r + 3763. Determine m(-30).
-107
Let k(n) = -7438*n + 163697. Calculate k(22).
61
Let z(y) = 279*y + 20105. Give z(-72).
17
Let p(r) = 158623*r + 951739. Calculate p(-6).
1
Let p(l) = 372*l**2 - 960*l - 5. Determine p(0).
-5
Let h(a) = -97176*a + 40522395. Determine h(417).
3
Let x(g) = -15685*g + 1835142. Determine x(117).
-3
Let s(w) = 2*w**3 - 30*w**2 - 84*w + 229. What is s(17)?
-43
Let k(f) = f**2 - 8186*f + 4192702. Give k(549).
-11
Let z(k) = 5393*k + 463821. Determine z(-86).
23
Let i(b) = -b**2 + 192*b - 7758. Give i(58).
14
Let q(i) = -i**3 - 27*i**2 - 34*i + 1333. Determine q(-23).
-1
Let d(h) = 59*h**2 - 4652*h - 200. Determine d(79).
511
Let o(u) = -2*u**2 - 305*u + 3238. Give o(11).
-359
Let p(i) = -581*i - 11947. Give p(-21).
254
Let s(u) = -u**3 - 407*u**2 + 1415*u + 244227. What is s(-409)?
54
Let a(x) = -5*x**3 - 5*x**2 - 541*x - 1070. What is a(-2)?
32
Let y(d) = -11771*d - 35310. Determine y(-3).
3
Let j(o) = 53017*o + 2014672. Determine j(-38).
26
Let i(j) = -j**3 - 34*j**2 + 425*j + 1641. Give i(-43).
7
Let a(j) = 38*j**2 + 21769*j - 43548. Determine a(2).
142
Let k(c) = 7*c - 698. Calculate k(74).
-180
Let u(g) = 21571*g + 64708. What is u(-3)?
-5
Let h(p) = -p**3 + 9*p**2 + 503*p - 4938. What is h(10)?
-8
Let x(z) = -2211*z**2 + 8799*z + 2. What is x(4)?
-178
Let h(v) = -3507*v + 66627. Determine h(19).
-6
Let d(s) = 18*s**2 + 2394*s + 11954. Give d(-5).
434
Let o(m) = -5*m**2 - 28391*m - 198554. Give o(-7).
-62
Let h(o) = -1096*o + 153920. Calculate h(140).
480
Let r(y) = 98*y**2 + 795*y + 44. Give r(-8).
-44
Let q(f) = 3*f**3 + 54*f**2 + 226*f + 737. Give q(-11).
792
Let j(a) = 3*a**2 - 446*a + 37. What is j(148)?
-259
Let c(j) = 2*j**3 + 57*j**2 + 237*j - 19. Determine c(-6).
179
Let k(s) = s**3 + 55*s**2 - 141*s - 10511. What is k(-54)?
19
Let r(v) = -319*v**2 + 846*v - 1694. What is r(2)?
-1278
Let p(o) = o**2 + 40*o + 833. What is p(-41)?
874
Let w(m) = -26*m**2 + 3629*m + 29043. Calculate w(-8).
-1653
Let i(o) = -5*o**2 - 3864*o - 53117. Calculate i(-14).
-1
Let l(m) = -3*m**2 - 874*m + 3580. Determine l(4).
36
Let d(a) = 9483*a + 56895. Calculate d(-6).
-3
Let j(q) = -q**3 - 14*q**2 + 2404*q + 38238. What is j(-16)?
286
Let g(k) = -1829*k + 13497. What is g(8)?
-1135
Let x(h) = -12543*h + 2847257. Calculate x(227).
-4
Let t(c) = 3*c**2 + 2347*c - 4624. Give t(2).
82
Let p(s) = 3*s**2 + 147*s - 1035. What is p(-47)?
-1317
Let b(n) = n**3 + 79*n**2 - 272*n - 15243. What is b(-80)?
117
Let v(o) = -22878*o + 22893. Give v(1).
15
Let p(a) = 10*a**3 + 41*a**2 + 92*a + 24. Determine p(-4).
-328
Let t(n) = 74365*n - 50. Give t(0).
-50
Let h(p) = -2*p**2 + 32*p + 2005. Calculate h(30).
1165
Let x(a) = 230*a - 14527. What is x(64)?
193
Let p(n) = -6757763*n - 13515520. Determine p(-2).
6
Let l(v) = -2*v**2 + 144*v + 2824. Give l(-16).
8
Let f(t) = -7*t**2 - 189*t + 172. What is f(-28)?
-24
Let l(s) = 126*s**2 + 233214*s - 22211. Give l(-1851).
1
Let k(x) = -11903*x - 39. Give k(0).
-39
Let r(j) = -25*j**2 + 56*j + 1235. Determine r(-6).
-1
Let n(u) = 77*u**2 + 79*u - 80. Determine n(1).
76
Let b(p) = 2*p**3 - 299*p**2 + 418*p - 207. Calculate b(148).
-4055
Let l(p) = 611*p**2 + 7337*p - 22. Calculate l(-12).
-82
Let q(f) = 11957*f + 179233. Give q(-15).
-122
Let k(u) = 153*u**3 + 1063*u**2 - 33*u - 137. Determine k(-7).
-298
Let b(p) = -3*p**2 + 1262*p - 7515. Determine b(6).
-51
Let g(z) = 4*z**2 - z - 3336. Determine g(29).
-1
Let o(a) = -a**3 - 142*a**2 + 1229*a + 4333. Give o(-150).
-17
Let p(l) = l**2 - 427*l + 23680. Calculate p(60).
1660
Let t(y) = -4665*y - 92972. Calculate t(-19).
-4337
Let r(v) = -6*v**2 - 100*v + 4874. Determine r(-38).
10
Let r(z) = z**2 + 1020*z - 13465. Determine r(13).
-36
Let n(b) = -3458*b - 1141127. Determine n(-330).
13
Let i(n) = -n**2 + 491*n + 12894. What is i(-25)?
-6
Let v(c) = 14607*c - 189905. Give v(13).
-14
Let o(u) = 42*u**3 + 11*u**2 - 43*u + 31. Give o(1).
41
Let b(z) = z**2 - 25*z + 331. Calculate b(28).
415
Let z(v) = v**3 + 434*v**2 - 1748*v - 9. Give z(4).
7
Let d(r) = -93*r**2 - 1278*r + 313. Give d(-14).
-23
Let p(m) = -3*m**2 - 153*m + 559253. What is p(-458)?
35
Let f(h) = h**3 + 1240*h**2 + 266065*h + 256. Calculate f(-276).
-20
Let h(j) = j**2 + 1122*j - 7897. Determine h(7).
6
Let z(b) = -4*b**3 + 10*b**2 + 134*b + 27. Determine z(-5).
107
Let n(g) = -665*g + 218793. Determine n(329).
8
Let n(v) = -16*v**3 + v**2 + 73*v + 233. Determine n(-5).
1893
Let w(x) = 4059*x - 584501. Give w(144).
-5
Let h(r) = -43015*r - 43030. Give h(-1).
-15
Let s(n) = 25*n**2 + 176*n - 556. Determine s(3).
197
Let v(m) = -233*m - 4628. Calculate v(-19).
-201
Let i(u) = u**3 + 84*u**2 + 240*u - 206. Give i(-81).
37
Let r(g) = -606*g - 90783. Calculate r(-150).
117
Let f(s) = -508*s - 5519. Give f(-11).
69
Let x(z) = -344*z + 42017. Give x(122).
49
Let m(b) = -74778*b - 1046900. Determine m(-14).
-8
Let y(s) = -3*s**3 - 333*s**2 - 624*s + 161. Calculate y(-109).
-3109
Let o(c) = 3*c**2 + 77*c - 40. What is o(-28)?
156
Let f(j) = -j**2 + 27*j - 425. Calculate f(-17).
-1173
Let x(v) = -50*v + 5979. Calculate x(141).
-1071
Let x(j) = j**3 - 10*j**2 - 610*j - 1056. What is x(-19)?
65
Let t(u) = -6*u**2 + 11806*u - 35298. Determine t(3).
66
Let n(w) = -8*w**2 + 2710*w - 153. Determine n(0).
-153
Let d(p) = -415*p**2 - 6652*p - 287. Calculate d(-16).
-95
Let l(s) = 23*s**3 - 3*s**2 - 33*s - 101. Give l(-3).
-650
Let a(p) = 5*p**2 + 3959*p + 700363. What is a(-525)?
13
Let s(g) = 6*g**2 - 1443*g + 3593. Determine s(238).
23
Let t(o) = -26*o**2 + 195*o + 1410. Determine t(12).
6
Let i(f) = f**3 + 7*f**2 + 116*f + 438. Give i(-4).
22
Let m(n) = 7*n**2 - 236*n - 1460. What is m(39)?
-17
Let q(h) = h**3 + 3*h**2 - 266*h - 9165. Give q(24).
3
Let i(n) = 93*n**2 + 69*n - 43. Calculate i(2).
467
Let a(h) = -82*h + 3480. What is a(46)?
-292
Let y(i) = -11588*i - 417148. What is y(-36)?
20
Let f(t) = -89437*t - 984133. Give f(-11).
-326
Let c(q) = 29*q**3 + 117*q**2 + 8*q + 25. What is c(-4)?
9
Let n(r) = -r**3 + 24*r**2 - 74*r - 72. Determine n(20).
48
Let f(w) = -18697*w - 336553. Calculate f(-18).
-7
Let q(i) = i**3 + 7901*i**2 + 149695*i - 1200. Give q(-19).
-3
Let f(q) = -50*q**2 + 23*q - 127. What is f(-7)?
-2738
Let a(j) = 2*j**2 - 855*j + 91362. Calculate a(217).
5
Let m(u) = 5618*u - 27493. Calculate m(5).
597
Let i(a) = a**3 + 24*a**2 - 228*a - 1296. Determine i(-30).
144
Let i(x) = -x**3 + 81*x**2 - 756*x - 1013. What is i(70)?
-33
Let v(c) = -10*c**3 + 116*c**2 + 108*c - 728. Determine v(12).
-8
Let z(t) = -t**3 + 7*t**2 - 3970*t + 19822. Calculate z(5).
22
Let t(z) = -6*z**3 + 33*z**2 - 78*z + 193. Give t(4).
25
Let i(w) = 11158*w + 100572. Calculate i(-9).
150
Let y(l) = -l**2 + 178*l - 4836. Give y(34).
60
Let z(n) = -1326450*n - 2652904. Calculate z(-2).
-4
Let u(v) = 1253*v - 350841. Calculate u(280).
-1
Let u(t) = 46*t**2 + 340*t - 368. What is u(1)?
18
Let v(q) = -q**3 - 1635*q**2 - 183191*q + 368. What is v(-121)?
5
Let a(z) = 3*z**3 + 365*z**2 - 99*z + 2171. Determine a(-122).
-635
Let o(z) = z**3 + 69*z**2 - 2022*z - 1957. Determine o(-91).
-137
Let m(a) = -a**2 + 21767*a - 1518722. Calculate m(70).
68
Let p(t) = -t**2 - 75*t + 679. Determine p(8).
15
Let o(x) = 1420*x**2 - 58224*x + 70. Give o(41).
-94
Let g(w) = -w**3 + 307*w**2 + 4234*w + 133. Calculate g(-13).
-829
Let o(h) = h**2 - 20627*h - 557558. What is o(-27)?
100
Let q(p) = -582*p + 17219. What is q(29)?
341
Let m(f) = -2259*f - 4614. What is m(-2)?
-96
Let m(x) = x**3 + 27*x**2 + 41*x - 258. Give m(-25).
-33
Let l(b) = 156*b**2 + 121*b - 37. Calculate l(-5).
3258
Let j(y) = -323780*y - 13598766. Calculate j(-42).
-6
Let c(j) = -232*j**2 - 5396*j + 16551. What is c(-26)?
15
Let x(y) = 126*y**3 - 497*y**2 - 124*y + 372. Calculate x(4).
-12
Let h(m) = -1946*m**2 + 13611*m + 81. Calculate h(7).
4
Let k(z) = 2*z**3 + 8*z**2 + 2778*z + 11102. Calculate k(-4).
-10
Let x(q) = 2718*q - 712118. Give x(262).
-2
Let y(r) = -r**2 - 180*r + 32311. Determine y(111).
10
Let a(r) = -103*r + 1383. Determine a(18).
-471
Let a(f) = -11*f**3 - 3*f**2 +